 of 1679631034?
2, 331, 613, 4139
What are the prime factors of 1548587024?
2, 1789, 54101
What are the prime factors of 301102628?
2, 31, 223, 10889
List the prime factors of 445257253.
7, 23, 41, 67453
List the prime factors of 8384079.
3, 11, 83, 3061
What are the prime factors of 85405221?
3, 11, 479, 1801
What are the prime factors of 121136917?
11, 17, 557, 1163
What are the prime factors of 79826865?
3, 5, 101, 52691
List the prime factors of 74464671.
3, 67, 370471
What are the prime factors of 160809870?
2, 3, 5, 13, 412333
What are the prime factors of 525747194?
2, 7, 2777, 13523
What are the prime factors of 110857063?
110857063
List the prime factors of 1524727205.
5, 317, 961973
What are the prime factors of 5418808312?
2, 67, 10109717
List the prime factors of 103393392.
2, 3, 37, 58217
List the prime factors of 2161307224.
2, 283, 954641
List the prime factors of 5052166920.
2, 3, 5, 79, 401, 443
List the prime factors of 129814414.
2, 17, 3818071
What are the prime factors of 5331165704?
2, 251, 2654963
List the prime factors of 1483221357.
3, 164802373
List the prime factors of 104389591.
19, 5494189
List the prime factors of 431867952.
2, 3, 307, 9769
List the prime factors of 74910324.
2, 3, 6242527
List the prime factors of 1883175918.
2, 3, 13, 17, 19, 74747
What are the prime factors of 252732370?
2, 5, 11, 17, 135151
List the prime factors of 148985254.
2, 11, 1423, 4759
List the prime factors of 53168161.
53168161
What are the prime factors of 180599616?
2, 3, 241, 1301
What are the prime factors of 75735833?
17, 827, 5387
What are the prime factors of 18355597?
13, 17, 6389
What are the prime factors of 583787173?
23, 1423, 17837
What are the prime factors of 1562124260?
2, 5, 173, 451481
List the prime factors of 8105596449.
3, 43, 62834081
What are the prime factors of 279503268?
2, 3, 11, 23, 43, 2141
What are the prime factors of 72501590?
2, 5, 7, 877, 1181
List the prime factors of 30253141.
5003, 6047
What are the prime factors of 234806306?
2, 7, 139, 120661
List the prime factors of 2602762938.
2, 3, 23, 6286867
List the prime factors of 57109455.
3, 5, 13, 10847
What are the prime factors of 37585566?
2, 3, 29, 24001
List the prime factors of 1183835600.
2, 5, 2959589
What are the prime factors of 87997718?
2, 283, 155473
List the prime factors of 2124438320.
2, 5, 17, 1562087
What are the prime factors of 11337393?
3, 3779131
List the prime factors of 48807803.
11, 263, 16871
List the prime factors of 106407435.
3, 5, 109, 151, 431
What are the prime factors of 324289162?
2, 162144581
List the prime factors of 52750722.
2, 3, 8791787
List the prime factors of 202753508.
2, 61, 830957
List the prime factors of 2166190866.
2, 3, 7, 17191991
What are the prime factors of 154523553?
3, 43, 61, 73, 269
What are the prime factors of 2678233417?
73, 1039, 35311
List the prime factors of 1150035464.
2, 143754433
What are the prime factors of 443593380?
2, 3, 5, 19, 389117
List the prime factors of 64257562.
2, 29, 643, 1723
List the prime factors of 4751321027.
97, 773, 63367
What are the prime factors of 664970160?
2, 3, 5, 937, 2957
List the prime factors of 37882104.
2, 3, 13, 23, 5279
What are the prime factors of 45881439?
3, 257, 59509
What are the prime factors of 24191048?
2, 7, 431983
List the prime factors of 223493486.
2, 111746743
What are the prime factors of 7129531?
41, 173891
What are the prime factors of 47904572?
2, 17, 389, 1811
List the prime factors of 4687956123.
3, 1562652041
List the prime factors of 38755356.
2, 3, 83, 167, 233
What are the prime factors of 849077217?
3, 9109, 10357
List the prime factors of 110303019.
3, 157, 26021
List the prime factors of 60376955.
5, 23, 525017
What are the prime factors of 287863129?
19, 15150691
List the prime factors of 34289751.
3, 31, 307, 1201
What are the prime factors of 74229382?
2, 89, 417019
What are the prime factors of 58239707?
58239707
List the prime factors of 1295653480.
2, 5, 11, 23, 103, 113
List the prime factors of 43511122.
2, 107, 203323
What are the prime factors of 50918943?
3, 859, 19759
What are the prime factors of 93924882?
2, 3, 127, 181, 227
List the prime factors of 1414282176.
2, 3, 19, 129229
List the prime factors of 60154498.
2, 163, 184523
List the prime factors of 40931584.
2, 281, 569
List the prime factors of 761613798.
2, 3, 11, 149, 77447
What are the prime factors of 85823329?
85823329
List the prime factors of 4749391408.
2, 296836963
List the prime factors of 361076287.
11, 13, 23, 311, 353
What are the prime factors of 1088638139?
23, 47332093
List the prime factors of 313723873.
211, 1486843
List the prime factors of 18074075.
5, 722963
What are the prime factors of 37240650?
2, 3, 5, 82757
List the prime factors of 974918538.
2, 3, 11, 19, 7853
What are the prime factors of 228193023?
3, 17, 37, 120929
List the prime factors of 41062146.
2, 3, 79, 86629
What are the prime factors of 44284754?
2, 43, 514939
What are the prime factors of 107047678?
2, 101, 529939
List the prime factors of 686783189.
2269, 302681
List the prime factors of 114190430.
2, 5, 11419043
What are the prime factors of 18219848?
2, 2277481
List the prime factors of 21844632.
2, 3, 59, 15427
What are the prime factors of 409789883?
409789883
List the prime factors of 189662396.
2, 7, 11, 389, 1583
What are the prime factors of 817688673?
3, 90854297
List the prime factors of 159530397.
3, 13, 17, 71, 3389
List the prime factors of 67447279.
17, 3967487
List the prime factors of 1058480794.
2, 7, 4091, 18481
What are the prime factors of 88701715?
5, 17740343
What are the prime factors of 189021499?
9829, 19231
List the prime factors of 4025934728.
2, 503241841
List the prime factors of 256293587.
11, 2633, 8849
What are the prime factors of 1401385533?
3, 1051, 444461
List the prime factors of 15123656.
2, 53, 673
What are the prime factors of 2669435845?
5, 173, 311, 9923
What are the prime factors of 603318397?
11, 54847127
List the prime factors of 265102135.
5, 53020427
List the prime factors of 114111748.
2, 28527937
List the prime factors of 240502155.
3, 5, 223, 71899
What are the prime factors of 87665338?
2, 1423, 30803
List the prime factors of 15915600.
2, 3, 5, 4421
What are the prime factors of 531443135?
5, 449, 236723
What are the prime factors of 1024889903?
577, 1776239
List the prime factors of 150710811.
3, 47, 1068871
List the prime factors of 4594536863.
7, 656362409
What are the prime factors of 81840495?
3, 5, 11, 563, 881
What are the prime factors of 901221936?
2, 3, 2897, 6481
List the prime factors of 211741093.
29, 79, 3187
What are the prime factors of 10054440?
2, 3, 5, 11, 2539
What are the prime factors of 2923198931?
769, 3801299
List the prime factors of 1019481276.
2, 3, 11, 37, 208739
List the prime factors of 1084322179.
1084322179
What are the prime factors of 805491248?
2, 41, 439, 2797
List the prime factors of 727389912.
2, 3, 3299, 9187
What are the prime factors of 217142561?
43, 5049827
What are the prime factors of 1189835436?
2, 3, 883, 112291
What are the prime factors of 149455498?
2, 74727749
What are the prime factors of 402958564?
2, 37, 97, 28069
What are the prime factors of 46968570?
2, 3, 5, 11, 19, 227
What are the prime factors of 5045678127?
3, 7, 719, 15913
What are the prime factors of 2137976338?
2, 17, 29, 127549
List the prime factors of 1291386263.
19997, 64579
What are the prime factors of 129548980?
2, 5, 11, 347, 1697
List the prime factors of 4853364522.
2, 3, 19, 241, 733
What are the prime factors of 43105318?
2, 21552659
What are the prime factors of 4490711427?
3, 19, 41, 59, 32569
List the prime factors of 353858787.
3, 37, 4373
List the prime factors of 183059348.
2, 787, 58151
What are the prime factors of 39598962?
2, 3, 13, 23, 22073
List the prime factors of 71095748.
2, 17773937
List the prime factors of 127939944.
2, 3, 11, 484621
What are the prime factors of 644906678?
2, 13, 24804103
What are the prime factors of 1759197877?
1759197877
What are the prime factors of 3876653229?
3, 17627, 73309
What are the prime factors of 2358768451?
13, 83, 223, 9803
List the prime factors of 2360724635.
5, 17, 19, 1461749
List the prime factors of 23258888.
2, 19,